 base 16?
29
What is -22 (base 6) in base 8?
-16
-1 (base 6) to base 4
-1
What is -25 (base 15) in base 8?
-43
4 (base 6) to base 12
4
163 (base 7) to base 13
73
Convert 11000 (base 2) to base 4.
120
What is 22 (base 5) in base 11?
11
Convert 2 (base 6) to base 13.
2
Convert 11 (base 11) to base 16.
c
Convert 0 (base 16) to base 13.
0
What is -16 (base 16) in base 13?
-19
7 (base 12) to base 4
13
84 (base 10) to base 3
10010
What is -98 (base 10) in base 14?
-70
Convert -15 (base 16) to base 4.
-111
-34 (base 6) to base 11
-20
What is 0 (base 14) in base 8?
0
Convert 14 (base 6) to base 15.
a
Convert -100 (base 7) to base 11.
-45
41 (base 11) to base 3
1200
Convert 2 (base 12) to base 13.
2
Convert -102 (base 6) to base 10.
-38
What is -533 (base 6) in base 10?
-201
What is 0 (base 9) in base 7?
0
What is -12 (base 3) in base 16?
-5
2 (base 9) to base 11
2
Convert 2 (base 5) to base 16.
2
Convert 3 (base 8) to base 5.
3
-123 (base 9) to base 5
-402
What is b (base 12) in base 11?
10
25 (base 8) to base 5
41
Convert 46 (base 8) to base 6.
102
Convert -101001 (base 2) to base 5.
-131
-15 (base 10) to base 12
-13
What is -2 (base 11) in base 13?
-2
Convert 14 (base 16) to base 7.
26
-13 (base 11) to base 12
-12
What is -167 (base 9) in base 10?
-142
Convert 311 (base 7) to base 5.
1110
Convert 1c7 (base 14) to base 12.
26b
Convert 4b (base 16) to base 13.
5a
-10 (base 4) to base 13
-4
Convert 14a (base 15) to base 4.
10213
What is 6 (base 11) in base 4?
12
Convert 11 (base 3) to base 7.
4
10 (base 16) to base 15
11
Convert 0 (base 11) to base 2.
0
What is -241 (base 8) in base 11?
-137
Convert 11 (base 3) to base 15.
4
-3023 (base 4) to base 13
-128
-10 (base 9) to base 7
-12
What is -2 (base 7) in base 11?
-2
71 (base 8) to base 14
41
25 (base 16) to base 8
45
What is -4 (base 16) in base 7?
-4
Convert -1 (base 5) to base 2.
-1
What is 0 (base 8) in base 6?
0
Convert -7 (base 12) to base 13.
-7
Convert 101 (base 2) to base 11.
5
Convert -22 (base 5) to base 10.
-12
3 (base 5) to base 3
10
Convert 113 (base 11) to base 14.
99
What is 35 (base 7) in base 3?
222
What is -1 (base 14) in base 12?
-1
Convert -101 (base 5) to base 7.
-35
What is -211 (base 3) in base 10?
-22
Convert -21 (base 8) to base 9.
-18
-203 (base 5) to base 14
-3b
8c (base 16) to base 2
10001100
What is 2 (base 10) in base 5?
2
Convert -33 (base 15) to base 11.
-44
29 (base 16) to base 6
105
64 (base 7) to base 11
42
Convert 2112 (base 3) to base 10.
68
Convert 11 (base 11) to base 8.
14
What is 76 (base 9) in base 8?
105
What is 112 (base 10) in base 13?
88
1 (base 2) to base 12
1
What is 120021 (base 3) in base 13?
259
-9 (base 11) to base 2
-1001
What is -203 (base 6) in base 10?
-75
Convert -13 (base 4) to base 11.
-7
What is 11 (base 2) in base 14?
3
Convert 0 (base 16) to base 12.
0
48 (base 13) to base 4
330
What is -13 (base 12) in base 4?
-33
-7 (base 15) to base 3
-21
What is 5 (base 16) in base 10?
5
Convert -2 (base 5) to base 13.
-2
-103 (base 10) to base 2
-1100111
Convert 453 (base 6) to base 14.
c9
Convert 10 (base 2) to base 16.
2
-242 (base 5) to base 3
-2200
What is 10001 (base 2) in base 5?
32
What is 178 (base 9) in base 11?
129
Convert 0 (base 16) to base 9.
0
-2 (base 16) to base 15
-2
1 (base 4) to base 8
1
-12 (base 10) to base 2
-1100
-f1 (base 16) to base 2
-11110001
What is -11 (base 5) in base 2?
-110
-90 (base 16) to base 10
-144
What is 3 (base 8) in base 3?
10
-213 (base 5) to base 12
-4a
-2 (base 9) to base 2
-10
23 (base 13) to base 7
41
Convert -9 (base 10) to base 9.
-10
19 (base 15) to base 13
1b
-37 (base 16) to base 9
-61
-1 (base 11) to base 3
-1
Convert -2 (base 16) to base 11.
-2
2 (base 12) to base 8
2
Convert -3 (base 14) to base 8.
-3
Convert -32 (base 4) to base 9.
-15
Convert -4 (base 10) to base 5.
-4
What is -1013 (base 4) in base 6?
-155
What is -16 (base 12) in base 16?
-12
11 (base 5) to base 6
10
26 (base 8) to base 10
22
-1 (base 14) to base 10
-1
What is 175 (base 14) in base 5?
2144
What is -64 (base 15) in base 16?
-5e
Convert 0 (base 9) to base 12.
0
What is 342 (base 8) in base 16?
e2
Convert -a (base 13) to base 9.
-11
What is 4a (base 11) in base 15?
39
Convert -2 (base 7) to base 5.
-2
3 (base 11) to base 3
10
2 (base 13) to base 8
2
What is -77 (base 14) in base 3?
-10220
What is 3 (base 11) in base 14?
3
What is -10020 (base 3) in base 10?
-87
What is -64 (base 12) in base 3?
-2211
Convert 1 (base 9) to base 3.
1
Convert 3 (base 4) to base 14.
3
-20 (base 3) to base 13
-6
1 (base 14) to base 2
1
What is -2 (base 15) in base 6?
-2
-13 (base 7) to base 15
-a
What is -1230 (base 5) in base 4?
-2332
Convert -15 (base 8) to base 12.
-11
Convert 100 (base 6) to base 14.
28
-2 (base 7) to base 12
-2
What is -7 (base 12) in base 10?
-7
What is 11 (base 7) in base 3?
22
What is -4 (base 9) in base 2?
-100
-37 (base 15) to base 10
-52
What is 6 (base 14) in base 8?
6
4 (base 14) to base 12
4
Convert -13 (base 9) to base 7.
-15
43 (base 10) to base 11
3a
What is -1010 (base 2) in base 16?
-a
221 (base 4) to base 9
45
-1 (base 4) to base 15
-1
Convert -86 (base 10) to base 4.
-1112
407 (base 9) to base 3
110021
-62 (base 11) to base 16
-44
What is 100 (base 5) in base 4?
121
What is 1 (base 9) in base 10?
1
Convert -24 (base 16) to base 2.
-100100
20212 (base 3) to base 11
159
4 (base 6) to base 7
4
9 (base 11) to base 9
10
Convert -76 (base 9) to base 8.
-105
What is 1134 (base 5) in base 7?
331
Convert -10b (base 12) to base 8.
-233
What is -4 (base 12) in base 6?
-4
21 (base 7) to base 11
14
4 (base 9) to base 4
10
Convert -2 (base 6) to base 9.
-2
Convert 7 (base 11) to base 12.
7
Convert 332 (base 7) to base 16.
aa
-4 (base 16) to base 12
-4
What is 4 (base 6) in base 10?
4
What is 214 (base 7) in base 11?
9a
b (base 15) to base 16
b
Convert 16 (base 11) to base 16.
11
Convert 30 (base 16) to base 5.
143
Convert -131 (base 12) to base 8.
-265
-1111 (base 2) to base 5
-30
16 (base 12) to base 9
20
10 (base 2) to base 8
2
Convert -74 (base 9) to base 5.
-232
510 (base 7) to base 16
fc
What is -31 (base 16) in base 2?
-110001
3 (base 9) to base 16
3
What is -10 (base 4) in base 15?
-4
-51 (base 10) to base 9
-56
What is -3 (base 10) in base 14?
-3
Convert 215 (base 6) to base 15.
58
What is 1 (base 14) in base 13?
1
101 (base 3) to base 11
a
Convert -3201 (base 4) to base 3.
-22100
Convert -4 (base 15) to base 5.
-4
Convert -4 (base 15) to base 11.
-4
Convert -323 (base 5) to base 8.
-130
Convert 0 (base 14) to base 16.
0
1204 (base 6) to base 13
196
Convert -b4 (base 13) to base 11.
-124
What is 1 (base 4) in base 12?
1
What is -1b (base 15) in base 4?
-122
-11 (base 3) to base 9
-4
Convert -7 (base 16) to base 14.
-7
105 (base 8) to base 3
2120
What is 9 (base 15) in base 2?
1001
7 (base 15) to base 12
7
-102 (base 8) to base 11
-60
What is 3 (base 13) in base 2?
11
Convert 65 (base 11) to base 7.
131
9 (base 10) to base 6
13
1 (base 9) to base 10
1
Convert 22 (base 3) to base 9.
8
76 (base 16) to base 7
226
Convert 10010 (base 3) to base 7.
150
What is 0 (base 3) in base 13?
0
What is 0 (base 8) in base 15?
0
What is 2 (base 14) in base 12?
2
What is 0 (base 9) in base 16?
0
-10 (base 2) to base 11
-2
What is -14 (base 8) in base 10?
-12
Convert -1a0 (base 15) to base 14.
-1cb
-4 (base 12) to base 6
-4
Convert -22 (base 3) to base 7.
-11
Convert 2 (base 15) to base 9.
2
What is -4 (base 11) in base 8?
-4
What is -3 (base 6) in base 8?
-3
-11 (base 4) to base 15
-5
What is -18 (base 13) in base 14?
-17
-9 (base 14) to base 16
-9
What is -3 (base 5) in base 9?
-3
Convert 7c (base 13) to base 11.
94
Convert -8 (base 11) to base 3.
-22
Convert 3 (base 5) to base 13.
3
What is -52 (base 15) in base 10?
-77
22 (base 4) to base 11
a
Convert 1 (base 9) to base 13.
1
What is 101001 (base 2) in base 15?
2b
3122 (base 4) to base 6
1002
Convert -12 (base 13) to base 15.
-10
Convert -48 (base 11) to base 5.
-202
Convert -14 (base 10) to base 7.
-20
What is -122 (base 4) in base 3?
-222
4 (base 7) to base 15
4
What is a6 (base 11) in base 8?
164
What is 44 (base 7) in base 11?
2a
120 (base 8) to base 14
5a
-30 (base 15) to base 12
-39
301 (base 5) to base 10
76
-47 (base 15) to base 10
-67
31 (base 10) to base 2
11111
What is -100